er when x is divided by 12.
11
Let x(i) = 18*i + 218. Let n = -4 - -6. What is the remainder when n is divided by x(-12)?
0
Let h(z) = 2*z + 15. Let v(w) = 2*w + 16. Let t(f) = -6*h(f) + 5*v(f). Calculate the remainder when 10 is divided by t(-7).
2
Let y = 39 + -28. Suppose -21 = -2*l + 93. Suppose 3*g - 72 = l. Calculate the remainder when g is divided by y.
10
Suppose 0 = 7*k - 4*k - 6. Calculate the remainder when (-12)/(-18)*(-6 - 180/(-8)) is divided by k.
1
Suppose 2*p - 4*p - 4*b + 28 = 0, -49 = -4*p - b. Calculate the remainder when (((-561)/68)/(-33))/(2/744) is divided by p.
9
Suppose 3*j + 68 = 5*j. Suppose 3*u - j = -h + 10, -u - 4*h = -33. Suppose -175 - 47 = -6*r. What is the remainder when r is divided by u?
11
Suppose 0 = 2*q + s - 247, 4*q - 53*s + 49*s - 512 = 0. Suppose z - 6*z = 3*b - 80, 2*z - b - 32 = 0. Calculate the remainder when q is divided by z.
13
Suppose 0*l + 4*l - 2*x = 92, 4*l - 5*x - 92 = 0. What is the remainder when l is divided by 0/1 + (-44 + -4)/(-8)?
5
Let u(l) = l**2 + 4*l - 15. Suppose 4*c - 2 = 2. What is the remainder when u(5) is divided by (3 - -7) + c + -3?
6
Suppose -230 = -4*n - 3*s, n + 49 = 2*n + 5*s. Let u = -28 - -38. Calculate the remainder when n is divided by u.
9
Suppose -50*x + 51*x = 40. What is the remainder when 76 is divided by x?
36
Let v(t) = t + 63. Let h be v(0). Let f = 99 - h. Let d = -7 + 20. What is the remainder when f is divided by d?
10
Let c = 106 + 4. What is the remainder when c is divided by 37?
36
Suppose 73 = 6*y - 71. Calculate the remainder when (12/(-24))/(((-5)/188)/5) is divided by y.
22
Suppose 6 = -2*c, -47*w - 539 = -49*w - 5*c. Calculate the remainder when w is divided by 20.
17
Suppose 526 = 37*p - 325. Calculate the remainder when 618 is divided by p.
20
Suppose 2 = 4*r - 14, -5*h + r = -106. What is the remainder when h is divided by 8?
6
Let s(j) = -2*j**3 - 9*j**2 - 2*j + 19. Calculate the remainder when s(-7) is divided by 20.
18
Let z = -31 - -124. Let k(a) = a**3 - 9*a**2 + a - 4. Let t be k(9). What is the remainder when z is divided by (264/55)/(1/t)?
21
Let x(t) = -t**3 + 2*t**2 + 3*t + 2. Let i be x(3). Suppose -5*v + i*v = -177. Calculate the remainder when v is divided by 31.
28
Let o(w) = w**3 - 10*w**2 + w - 8. Let a be o(10). Suppose 6*d = 4*u + a*d - 88, 6 = 3*d. What is the remainder when u is divided by 14?
10
Let q = 1631 - 1624. What is the remainder when 360 is divided by q?
3
Let j = -126 + 217. What is the remainder when j is divided by 23?
22
Let a be 4/7 - 204/(-84). Suppose -4*m + 166 = k, -4*m + a*k - k = -160. What is the remainder when m is divided by 22?
19
Let u be (12/(-9))/((-5)/15). Suppose -2*o + 40 = d, d + u*d - 74 = -3*o. Calculate the remainder when o is divided by ((-42)/(-9))/(16/24).
4
Suppose 5*v = v + 84. Suppose 5*q = c + 54, 4*c + c = 5. Calculate the remainder when v is divided by q.
10
Suppose 5*s = -4*k + 95, 4*s - k = 2*k + 107. Suppose n + 3*y = 0, 81*n - 78*n - 3*y - 24 = 0. Calculate the remainder when s is divided by n.
5
Suppose -2*f = 10, -9*k + 10*k + 4*f = 77. What is the remainder when k is divided by 18?
7
Let q(i) = -50*i + 2. Let m be q(-2). Let a = -70 + m. Let z(l) = -5*l + 1. Calculate the remainder when a is divided by z(-2).
10
Suppose 18 = -106*i + 104*i. Let r = i + 40. Calculate the remainder when 58 - (0 - 1/1) is divided by r.
28
Suppose j = 2*u - 4, 3*j - 8*j = -2*u - 4. Suppose 6*r - 27 = u*r. Calculate the remainder when r is divided by 3.
0
Let i(v) = 3*v - 27. Let d be i(18). Let t = d - -1. Calculate the remainder when 137 is divided by t.
25
Let x(r) = 3*r**2 - 9*r + 2. Calculate the remainder when x(8) is divided by 2 + 29 - (-2 - -2).
29
Suppose 5*w + 17 = 107. Calculate the remainder when w*5/(15/2) is divided by 7.
5
Suppose -2*h = 4*q + 26, q + q + 28 = 2*h. Let j be (-3)/q - (-3)/(-9). Suppose -2*d + 2 + 8 = j. Calculate the remainder when 15 is divided by d.
0
Let j(m) = 1156*m - 1. Let i be j(5). Suppose 0 = -4*x - 5*h + i, 0 = 4*x + h - 7022 + 1239. Calculate the remainder when (-6)/14 + x/42 is divided by 12.
10
Suppose -5*s = -2*l - 3*l - 50, 0 = -2*s - 3*l - 5. Let j = s - 4. Suppose j = -2*q + 3*h, -4*q + h + 13 = -0. Calculate the remainder when 14 is divided by q.
2
Suppose 173*k - 1453 - 1074 = -278. Suppose 68 = 2*p + 3*b, -2*b - 4 + 0 = 0. Calculate the remainder when p is divided by k.
11
Let t(b) = b**3 + 6*b**2 + 4*b + 7. Suppose 4*w + 24 = 3*u, -6*w + w = -2*u + 23. Suppose u*o - 87 = 101. Calculate the remainder when o is divided by t(-5).
11
Let u = -105 - -132. What is the remainder when 131 is divided by u?
23
Let z(f) = 7*f**3 - 15*f**2 + 42*f. What is the remainder when z(3) is divided by 51?
27
Calculate the remainder when 659 is divided by -5*((-72)/9 + -3).
54
Suppose d + 5*v - 365 = -2*d, 3*v = -5*d + 635. What is the remainder when d is divided by 34?
28
Let c(u) = -u**3 - 10*u**2 - 15*u - 47. Calculate the remainder when 15 is divided by c(-9).
1
Suppose 0 = -5*k - k + 84. Suppose k*a - 20 = 12*a. Calculate the remainder when 28 is divided by a.
8
Let x = -17 - -25. Let k be x - -191 - (0 - 1). Suppose -5*r = -0*r - k. What is the remainder when r is divided by 21?
19
Suppose -2*p + 120 = 4*n, 113 + 16 = 2*p - 5*n. Calculate the remainder when 1114 is divided by p.
60
Suppose 0*g = 9*g. Let j be (-2)/(-8) + (-18)/8. Calculate the remainder when 28 is divided by (j + g)*(-45)/6.
13
Calculate the remainder when 37 + (-15)/(105/(-28)) is divided by 27.
14
Let h = 113 - 51. What is the remainder when h is divided by 4?
2
Suppose -54*o + 24*o = -7860. What is the remainder when o is divided by 87?
1
Let w be (-96)/20 - 16/(-20). Let x = 22 - 2. Calculate the remainder when x is divided by (6 - (1 + w)) + 2.
9
Let z = -23 - -23. Suppose z = -2*j - 3*r + 42 + 7, -4*j - 4*r = -88. Let c = -11 + 78. What is the remainder when c is divided by j?
16
Let q(x) = -29*x - 264. What is the remainder when q(-17) is divided by 107?
15
Let y(i) = -2*i + 52. Let m be y(0). Let h = -49 + m. Suppose d + 4*d = -5*o + 40, -o + 3*d = 8. What is the remainder when o is divided by h?
1
Calculate the remainder when 49 - (-7 - (20/(-5) - 0)) is divided by 21.
10
Suppose -51*v = -29*v - 1166. Let p = 7 - -4. Calculate the remainder when v is divided by p.
9
Suppose -80 = -5*r + 5*m, -5*m - 41 + 9 = -2*r. Suppose -5*j = -2*j. Calculate the remainder when j + (-1)/(1/(-47)) is divided by r.
15
Let l(h) = -5*h - 23. Let w be l(-5). Suppose 3*z + 4*n = 47, -2*z + w*n + 0*n = -22. Calculate the remainder when 50 is divided by z.
11
Suppose -c = 2, 5*c + 0*c = -3*y - 37. Let m = 32 + y. What is the remainder when m is divided by 12?
11
Let u = -109 + 156. What is the remainder when u is divided by 26?
21
Suppose 6*t - 130 = -4*t. Calculate the remainder when 38 is divided by t.
12
Suppose 8*q - 4*q - 120 = 0. Let v = 0 - -17. What is the remainder when q is divided by v?
13
Let u(w) = -8*w + 1. Calculate the remainder when (-19)/(152/(-680)) - (7 + -1) is divided by u(-5).
38
Calculate the remainder when 42 is divided by 2/(-4)*(-2 - (4 - -62)).
8
Let a = -55 - -74. Suppose -4*t + a = -3*t. What is the remainder when t is divided by 10?
9
Let n(p) = p**2 - 9*p - 114. Calculate the remainder when n(18) is divided by 14.
6
Let j be 16/24*(870 + 0 + -3). Suppose -8*x = -j - 158. What is the remainder when x is divided by 16?
12
Let h = 330 + -300. What is the remainder when 99 is divided by h?
9
Suppose 16 = 4*y, 6*j + 24 = 3*j + 3*y. Calculate the remainder when 39 is divided by 2 + 2*(3 - (-3 - j)).
3
Suppose -2*x + 3*y = -319, -5*y + 452 = 3*x - 36. Calculate the remainder when x is divided by 85.
76
Let w(v) = -v**2 - 12*v + 5. Let s be w(-12). Let z(j) = 2*j - 2. Calculate the remainder when z(s) is divided by 5.
3
Let m(k) = k + 20. Let z(i) = -i**3 + 3*i**2 + i. Let c be z(3). Suppose -c*y + 9 - 36 = 0. Calculate the remainder when m(y) is divided by 3.
2
Let k = -149 - -172. Calculate the remainder when 67 is divided by k.
21
Let a = -7 + 9. Suppose -6*s = -s + 3*h - 165, -66 = -a*s - 5*h. What is the remainder when s is divided by 9?
6
Suppose -2 = d - 4*c + 7, 3 = 4*d - 3*c. Suppose d*w - 36 = -3*x + 6*w, 0 = 3*w + 6. What is the remainder when 68 is divided by x?
8
